ctors of u?
2
Let z(o) = -2*o**2 + 2*o. Let a(q) = q**2 - 1. Let f(u) = 3*a(u) + z(u). Let d be f(3). Suppose 2*i = i + d. What are the prime factors of i?
2, 3
Suppose n + 3*n = 3*b - 118, 3*n = 2*b - 80. Let s = 58 - b. What are the prime factors of (9/2)/(s/64)?
2, 3
Let c = -6 - -2. Let g be c/6 - (-160)/(-12). What are the prime factors of g/(-3) - (-2)/(-3)?
2
Let c be (21/9)/(3/9). Let m = c + -3. What are the prime factors of m?
2
Let i be 8/(-36) - (-25)/(-9). Let y = 3 + i. Suppose -4*l - 5*g = -26, -l - l - 2*g + 12 = y. List the prime factors of l.
2
What are the prime factors of (-621)/(-5) - 16/(-20)?
5
Suppose 2*v + 3 = 3*v - j, j = 4. List the prime factors of v.
7
List the prime factors of (234/(-4))/(-9)*(18 + 0).
3, 13
Let y be (3 - 1)*369/6. Suppose -r + y = 2*r. Suppose 0*u + 9 = u - h, 0 = -5*u + h + r. List the prime factors of u.
2
Suppose 3*j - 15 = -3*m + 6*m, 0 = -4*m + j - 23. Let w = 10 + m. Suppose -5*f + 37 = -2*z, -2*f + f - 7 = -w*z. List the prime factors of f.
3
List the prime factors of (-34 + 21)/(2/(-8)).
2, 13
Let t(f) = f**3 - 2*f**2 + f + 2. Let s be (4 - 3) + 1 + -1. Let x = 1 + s. What are the prime factors of t(x)?
2
Let c be 22/8 - (-2)/8. Let l be (1/c)/(3/99). Let k = -8 + l. List the prime factors of k.
3
Let l be 1/(-4) + (-39)/(-12). Suppose -4*g = h - 13, -3*g - h = 2*h - l. Suppose 0 = -2*f + n - g*n + 24, -4 = -n. What are the prime factors of f?
2, 3
Suppose 3*k + 57 = 6*k - 4*x, -58 = -2*k - 4*x. Let h = k + -14. What are the prime factors of h?
3
Let f = -4 - -6. Suppose 2*d = -x - f*d, -4*x - 5*d = -22. List the prime factors of x.
2
Suppose -188 = -4*s + 5*n, s + 3*s - 224 = -4*n. What are the prime factors of s?
2, 13
Suppose -4*y + 83 = -1. Suppose n - y = -0*n. List the prime factors of n.
3, 7
Let l be (3/9)/(1/6). Suppose -c = l*c - 27. What are the prime factors of c?
3
Suppose 2*f + 9 = -11. Let v = 17 + f. What are the prime factors of v?
7
Let l = 12 - 7. Suppose -2*h + l*p = -4*h + 1, -2*h - 3*p + 11 = 0. Let a = h - 2. List the prime factors of a.
11
Suppose -7*j + 11*j = 636. List the prime factors of j.
3, 53
Let r(t) = t**3 - t**2 + t + 3. Let d be r(0). Suppose s = 2*s - d. Suppose -8 + 29 = s*w. What are the prime factors of w?
7
What are the prime factors of 1 - -2 - (-252)/7?
3, 13
Let v(t) be the second derivative of -t**5/20 - t**4/3 - t**3 - t. Let z be v(-4). List the prime factors of ((-4)/3)/((-2)/z).
2
Suppose -r - r + 152 = 0. What are the prime factors of r?
2, 19
Let c(o) = 3*o - 3. Let p be c(2). Suppose 0 = p*s - 19 + 7. Let b = s + 2. List the prime factors of b.
2, 3
Let q(r) = r**3 + 5*r**2 + 3*r. Let j be q(-3). Suppose 27 = 2*w + j. What are the prime factors of w?
3
Let y be 1/(3/18*2). What are the prime factors of (30/(-25))/(y/(-40))?
2
Let q be (-20)/(-2) + 1 + -1. Suppose 0 = -2*b + q + 14. Suppose 0 = -0*a + 2*a - b. List the prime factors of a.
2, 3
Suppose -3*m = -3*b + 120, 0*m = 4*b + 2*m - 130. What are the prime factors of b?
5, 7
Let d(z) = 3*z - 5. Let f be d(6). Let q = f - 2. What are the prime factors of q?
11
Suppose -1952 = -5*d - 0*r + r, -1956 = -5*d + 3*r. List the prime factors of d.
2, 3, 5, 13
Let c(m) = -m**2 - 3*m + 229. What are the prime factors of c(0)?
229
Let t = 85 - 52. Suppose -4*k - 1 = -t. What are the prime factors of k?
2
Let h(j) = j**3 - 4*j**2 + 4*j - 1. Let s be h(3). Suppose 0 = x + 2*i - 28, -s*x = -3*x + 4*i - 2. What are the prime factors of x?
2, 3
Let r = -108 + 211. What are the prime factors of r?
103
Let f(k) = k**3 - 4*k**2 - 2*k - 5. Let w = 5 - 0. List the prime factors of f(w).
2, 5
Suppose 3*o + 4*n - 2*n - 11 = 0, -o + n = 3. Let q(z) = 15*z - 1. Let y be q(o). Suppose 0 = 4*u - 2*u - y. List the prime factors of u.
7
Let g = 998 + -592. List the prime factors of g.
2, 7, 29
Suppose -3*d - d + 24 = 0. Let z be ((-110)/15)/((-4)/d). List the prime factors of z/1 + (0 - 0).
11
Suppose -9*r = -6*r - 177. List the prime factors of r.
59
Suppose -2*o - 2 = -3*o. List the prime factors of (1/o)/((-3)/(-84)).
2, 7
Let j = 44 + -20. Suppose -275 = 5*b - q, b + 31 = 5*q - j. List the prime factors of 1/4 - b/4.
2, 7
Let r be (9 - 6)/((-3)/2). What are the prime factors of 29*1/(-2)*r?
29
Let x(w) be the second derivative of w**5/20 - w**4/2 + w**3 + 3*w**2 + 2*w. Suppose -10 = -o - o. List the prime factors of x(o).
11
Suppose -5*t + 3*b + 184 = 7*b, -5*t + 2*b + 208 = 0. Let r = t + -14. What are the prime factors of r?
2, 13
Let y(b) = 20 - 4 - b + 5 + 3. List the prime factors of y(11).
13
Suppose -4*l = -l - 51. Let v = 25 - l. What are the prime factors of v?
2
Let x(d) = -d**2 - 10*d - 12. Let k be x(-8). Suppose 4*c + k*p = 28, 0 = -4*c - 5*p - 0*p + 29. What are the prime factors of (96/(-40))/(c/(-20))?
2
Suppose -3*x + a = -9, 0 = -7*x + 2*x + 5*a + 25. Suppose x*h - 6 = -2. Suppose -4*k + h*l = -34, -9 = k + 4*l + 5. List the prime factors of k.
2, 3
List the prime factors of (-119)/2*(-10 + 8).
7, 17
Suppose 0 = -10*x + 14*x - 132. List the prime factors of x.
3, 11
Let m = 56 + -30. What are the prime factors of m?
2, 13
Let c(o) = 2*o**2 + 14*o - 1. What are the prime factors of c(-11)?
3, 29
List the prime factors of 264/9*3/2.
2, 11
Suppose 1 = -i - 5. Let w(z) = z**3 + 6*z**2 - 4*z - 7. Let a be w(i). Let b = a + -9. What are the prime factors of b?
2
Suppose -3*m + 23 - 5 = 0. List the prime factors of (3/(-3))/((-3)/m).
2
Suppose 0 = f + 4*y - 77, -f + 0*f + 67 = -y. List the prime factors of f.
3, 23
Let c = -2 - -9. List the prime factors of c.
7
Suppose -5*z + 24 = -3*z - 2*f, z + f = 12. Suppose i = 2*u + 26, i - z = 4*u + 24. List the prime factors of i.
2
List the prime factors of 6 - (7 + -3) - -55.
3, 19
Suppose 185 = 5*p + 5*b, -2*p + 5*b = -4*p + 59. What are the prime factors of p?
2, 3, 7
Let b be (-731)/(-34) + (-2)/(-4). Let s = 27 - b. What are the prime factors of s?
5
Suppose -158 = -2*d + 198. What are the prime factors of d?
2, 89
Suppose 2*v + 10 = 7*v. Let s = v + 27. What are the prime factors of s?
29
Let z(q) = -4*q + 34. What are the prime factors of z(-14)?
2, 3, 5
Let r(l) = 16*l**2 + l. What are the prime factors of r(2)?
2, 3, 11
Let c = 30 - 6. List the prime factors of c.
2, 3
Let s(n) = -2*n**2 + n - 1. Let g be s(6). Let l = g - -122. What are the prime factors of l?
5, 11
Suppose -5*q = -3 - 17. Suppose 41 = 2*k - c, q*k - 2*c - 77 = c. List the prime factors of k.
23
Suppose l = -5*z + 136 + 40, 5*l + 30 = z. Suppose -3*j = 3*v - 15, 6*j - 22 = -4*v + 3*j. Suppose 2*c = v*c - z. What are the prime factors of c?
7
Let i = -46 + 88. List the prime factors of i.
2, 3, 7
Suppose 3*u - u - 8 = 0. Suppose -x - 42 = -5*x + 2*s, 12 = -x - u*s. What are the prime factors of (3 + -1)*60/x?
3, 5
List the prime factors of (-6)/(-4)*2/1.
3
Let g be (-1 - 0/(-2)) + 14. Suppose 5*n = -3*q + g, 0*q + 5*q = 5. Suppose 6 + 12 = x + n*d, -2*x + 3*d + 8 = 0. List the prime factors of x.
2, 5
Suppose -4*q - 22 = 10. Let u be -3*(-2 - q/6). List the prime factors of ((-2)/u)/(1/(-6)).
2, 3
Let v(k) = 0*k**2 - 4 + 4*k**2 + 2*k**3 - k - 7*k**2 - k**3. Suppose -4 = -3*c + c - m, 0 = -5*c + 5*m + 40. List the prime factors of v(c).
2
Suppose -5*k = -5*j + 285, 0 = -2*j + 4*j + k - 123. Suppose 0 = -5*v + 60 + j. What are the prime factors of v?
2, 3
Suppose 0*t + 4*t = n + 269, -5 = n. List the prime factors of t.
2, 3, 11
Let w(v) = -24*v**3 - 2*v - 2. What are the prime factors of w(-1)?
2, 3
Let p be (-2)/(-5) + 68/5. Let c = -10 + p. List the prime factors of c.
2
Suppose -r + 3*r - 2 = 0. Suppose 2*j - l + r = 0, 2*j + 5*l = 3*j + 23. What are the prime factors of j?
2
Suppose 2*i - 7*i = -250. What are the prime factors of i?
2, 5
Let p(r) = -r**2 - 16*r + 23. List the prime factors of p(-11).
2, 3, 13
Suppose -3*f = 3*z - 204, 0*f - f + 77 = 4*z. List the prime factors of f.
5, 13
Let j(a) = a - 7. Let s be j(9). Suppose s + 13 = 5*h. What are the prime factors of h?
3
Let x(j) = 7*j - 10. List the prime factors of x(5).
5
Suppose -4*w = -3*w + 5*g - 14, -g - 20 = -w. Let x = 31 - w. What are the prime factors of x/(-30) + 72/5?
2, 7
Let a be (-76)/18 - (-4)/18. Let m be a/(0 - (1 - -1)). Suppose 4*w + 2*f = -6 + 20, 4*f - 10 = -m*w. List the prime factors of w.
3